e
Is 1889 prime?
True
Is 2777 prime?
True
Is 883406 a composite number?
True
Is 4127 a prime number?
True
Is 15229 composite?
True
Is 609043 composite?
False
Is 42191 composite?
True
Is 272903 prime?
True
Is 9659 composite?
True
Is 641317 prime?
True
Is 476947 a prime number?
False
Is 143 a prime number?
False
Is 1459 a prime number?
True
Is 24223 prime?
True
Is 118315 prime?
False
Is 392374 a prime number?
False
Is 39007 composite?
True
Is 110207 prime?
False
Is 9599 a composite number?
True
Is 68399 a prime number?
True
Is 20369 prime?
True
Is 14509 a prime number?
False
Is 75079 a composite number?
False
Is 7663 composite?
True
Is 1438 composite?
True
Is 29483 prime?
True
Is 185789 composite?
False
Is 68167 prime?
False
Is 51383 a prime number?
True
Is 26801 prime?
True
Is 40031 composite?
False
Is 153859 a composite number?
True
Is 2371 a composite number?
False
Is 8057 a prime number?
False
Is 28907 composite?
True
Is 8698 composite?
True
Is 79039 composite?
False
Is 147694 a composite number?
True
Is 23803 a composite number?
True
Is 195785 a prime number?
False
Is 9899 a composite number?
True
Is 11153 composite?
True
Is 21103 composite?
True
Is 84913 composite?
False
Is 893 a composite number?
True
Is 138265 composite?
True
Is 10903 prime?
True
Is 152239 a composite number?
False
Is 729349 a prime number?
False
Is 1614859 composite?
False
Is 3079 composite?
False
Is 222773 a prime number?
True
Is 7967 prime?
False
Is 1174 a composite number?
True
Is 78941 a composite number?
False
Is 49939 composite?
False
Is 12605 prime?
False
Is 884453 a prime number?
True
Is 133645 a composite number?
True
Is 109661 a composite number?
False
Is 790567 a composite number?
False
Is 221281 prime?
True
Is 9409 a composite number?
True
Is 566791 prime?
True
Is 746 prime?
False
Is 91849 prime?
False
Is 123953 prime?
True
Is 8263 a prime number?
True
Is 25889 a composite number?
False
Is 105289 a composite number?
True
Is 3593 a composite number?
False
Is 281353 a prime number?
True
Is 7369 a prime number?
True
Is 478561 a prime number?
False
Is 127289 a prime number?
True
Is 60485 composite?
True
Is 695081 prime?
True
Is 52719 a composite number?
True
Is 32353 a composite number?
False
Is 6007 a composite number?
False
Is 307351 prime?
False
Is 26491 a composite number?
True
Is 8059 a prime number?
True
Is 8147 a prime number?
True
Is 30181 a composite number?
False
Is 47423 prime?
False
Is 521 a prime number?
True
Is 58405 composite?
True
Is 24593 a prime number?
True
Is 94493 composite?
True
Is 926489 a composite number?
False
Is 17807 a composite number?
False
Is 12289 a prime number?
True
Is 2111 a prime number?
True
Is 560902 a composite number?
True
Is 1514402 composite?
True
Is 397783 composite?
True
Is 1315 a composite number?
True
Is 1731427 prime?
False
Is 64871 a prime number?
True
Is 42167 composite?
True
Is 16707 a prime number?
False
Is 214141 prime?
True
Is 21787 composite?
False
Is 13526 a prime number?
False
Is 8501 a prime number?
True
Is 20341 composite?
False
Is 49721 prime?
False
Is 618841 composite?
False
Is 14681 prime?
False
Is 301 prime?
False
Is 14765 prime?
False
Is 774013 composite?
True
Is 1409 prime?
True
Is 7655 prime?
False
Is 1154819 prime?
True
Is 5195 prime?
False
Is 4274 prime?
False
Is 6823 prime?
True
Is 7069 composite?
False
Is 470738 a composite number?
True
Is 13033 prime?
True
Is 793127 composite?
True
Is 287491 a composite number?
False
Is 9287 a prime number?
False
Is 14401 composite?
False
Is 2510987 a prime number?
False
Is 69206 composite?
True
Is 2116003 composite?
True
Is 25859 a prime number?
False
Is 43107 prime?
False
Is 7593 a composite number?
True
Is 28421 a prime number?
False
Is 1459 a prime number?
True
Is 104471 a composite number?
False
Is 289963 composite?
True
Is 562046 a prime number?
False
Is 995147 prime?
True
Is 860131 prime?
False
Is 14359 a prime number?
False
Is 17821 a prime number?
False
Is 5998 a prime number?
False
Is 220663 composite?
False
Is 76579 a prime number?
True
Is 13771 a prime number?
False
Is 259391 a prime number?
False
Is 287 a prime number?
False
Is 122979 composite?
True
Is 22897 a composite number?
True
Is 1703267 a composite number?
False
Is 22501 a composite number?
False
Is 164413 prime?
True
Is 200053 composite?
True
Is 3755 a prime number?
False
Is 59567 composite?
False
Is 5583 a composite number?
True
Is 1377242 composite?
True
Is 157969 prime?
False
Is 15601 a composite number?
False
Is 54089 a composite number?
True
Is 24169 composite?
False
Is 157 a composite number?
False
Is 710471 a prime number?
False
Is 5261 a prime number?
True
Is 6239 a composite number?
True
Is 41843 a prime number?
True
Is 6491 prime?
True
Is 821 a prime number?
True
Is 12251 prime?
True
Is 30449 prime?
True
Is 9247 a prime number?
False
Is 81091 composite?
True
Is 15413 composite?
False
Is 34163 prime?
False
Is 8321 composite?
True
Is 430613 a prime number?
False
Is 1095265 prime?
False
Is 133691 a prime number?
True
Is 33599 a composite number?
False
Is 129341 prime?
True
Is 164957 composite?
True
Is 257581 a composite number?
True
Is 6937 prime?
False
Is 58831 composite?
False
Is 7499 composite?
False
Is 5513 composite?
True
Is 453107 composite?
False
Is 7391 composite?
True
Is 20953 composite?
True
Is 17285 prime?
False
Is 258374 a prime number?
False
Is 310627 prime?
True
Is 840137 prime?
True
Is 82637 prime?
False
Is 4201 a prime number?
True
Is 1123813 a prime number?
False
Is 2531 composite?
False
Is 55183 a composite number?
True
Is 2833 a composite number?
False
Is 2933 a composite number?
True
Is 87821 composite?
True
Is 99041 a composite number?
False
Is 8665 a prime number?
False
Is 8743 a composite number?
True
Is 3566 a prime number?
False
Is 350281 composite?
False
Is 21269 a prime number?
True
Is 1110971 a composite number?
False
Is 9286 a composite number?
True
Is 218737 composite?
False
Is 2863 a composite number?
True
Is 840415 a prime number?
False
Is 675859 prime?
True
Is 1584547 prime?
True
Is 110543 a composite number?
False
Is 1037 prime?
False
Is 2942 a prime number?
False
Is 127781 a prime number?
True
Is 86577 a composite number?
True
Is 2477 a prime number?
True
Is 86069 composite?
False
Is 236369 composite?
True
Is 877 a composite number?
False
Is 3761 a prime number?
True
Is 514279 prime?
False
Is 817039 prime?
True
Is 322099 composite?
True
Is 2302 prime?
False
Is 101407 prime?
False
Is 330943 prime?
True
Is 682141 a composite number?
False
Is 3261 a composite number?
True
Is 8657 composite?
True
Is 18559 prime?
False
Is 97301 a prime number?
True
Is 21295 composite?
True
Is 235439 a prime number?
True
Is 291619 a prime number?
True
Is 25793 a composite number?
False
Is 117851 a composite number?
False
Is 797 a prime number?
True
Is 25099 a prime number?
False
Is 5381 prime?
True
Is 327329 a prime number?
False
Is 748789 prime?
True
Is 9793 prime?
False
Is 11441 a composite number?
True
Is 4383211 composite?
True
Is 772949 a prime number?
True
Is 1967 a composite number?
True
Is 177043 a prime number?
True
Is 21103 a composite number?
True
Is 78823 composite?
False
Is 101257 a prime number?
False
Is 2615383 a prime number?
True
Is 20287 composite?
False
Is 71057 a prime number?
False
Is 69439 a composite number?
False
Is 23957 a prime number?
True
Is 419 prime?
True
Is 28387 a prime number?
True
Is 14051 prime?
True
Is 2361 prime?
False
Is 14521 a composite number?
True
Is 278947 composite?
False
Is 49613 a composite number?
False
Is 4499 composite?
True
Is 3027 composite?
True
Is 22853 composite?
False
Is 31733 a composite number?
True
Is 183611 prime?
True
Is 9613 a prime number?
True
Is 18251 a prime number?
True
Is 135559 a composite number?
False
Is 26141 prime?
True
Is 58549 a composite number?
False
Is 153849 a prime number?
False
Is 238991 prime?
True
Is 21377 prime?
True
Is 66167 a composite number?
True
Is 398989 a prime number?
True
Is 26339 a prime number?
True
Is 8119 a composite number?
True
Is 45007 composite?
False
Is 190319 prime?
False
Is 14995 prime?
False
Is 6613 a prime number?
False
Is 194 prime?
False
Is 1109 a prime number?
True
Is 10601 prime?
True
Is 155521 composite?
False
Is 55135 a composite number?
True
Is 11633 a pr